{"id":486,"date":"2021-04-28T16:47:55","date_gmt":"2021-04-28T19:47:55","guid":{"rendered":"http:\/\/plataformas.uantof.cl\/?page_id=486"},"modified":"2021-08-16T13:59:11","modified_gmt":"2021-08-16T16:59:11","slug":"tips-para-estudiantes","status":"publish","type":"page","link":"http:\/\/plataformas.uantof.cl\/index.php\/tips-para-estudiantes\/","title":{"rendered":"Tips para Estudiantes"},"content":{"rendered":"\t\t<div data-elementor-type=\"wp-page\" data-elementor-id=\"486\" class=\"elementor elementor-486\" data-elementor-settings=\"[]\">\n\t\t\t\t\t\t\t<div class=\"elementor-section-wrap\">\n\t\t\t\t\t\t\t<section class=\"elementor-section elementor-top-section elementor-element elementor-element-6ca45aba elementor-section-boxed elementor-section-height-default elementor-section-height-default\" data-id=\"6ca45aba\" data-element_type=\"section\" data-settings=\"{&quot;background_background&quot;:&quot;classic&quot;}\">\n\t\t\t\t\t\t<div class=\"elementor-container elementor-column-gap-default\">\n\t\t\t\t\t<div class=\"elementor-column elementor-col-50 elementor-top-column elementor-element elementor-element-326a06c7\" data-id=\"326a06c7\" data-element_type=\"column\">\n\t\t\t<div class=\"elementor-widget-wrap elementor-element-populated\">\n\t\t\t\t\t\t\t\t<div class=\"elementor-element elementor-element-310af024 elementor-widget elementor-widget-heading\" data-id=\"310af024\" data-element_type=\"widget\" data-widget_type=\"heading.default\">\n\t\t\t\t<div class=\"elementor-widget-container\">\n\t\t\t<h2 class=\"elementor-heading-title elementor-size-default\">Tips para Estudiantes\n<\/h2>\t\t<\/div>\n\t\t\t\t<\/div>\n\t\t\t\t\t<\/div>\n\t\t<\/div>\n\t\t\t\t<div class=\"elementor-column elementor-col-50 elementor-top-column elementor-element elementor-element-2ea5cde1\" data-id=\"2ea5cde1\" data-element_type=\"column\">\n\t\t\t<div class=\"elementor-widget-wrap elementor-element-populated\">\n\t\t\t\t\t\t\t\t<div class=\"elementor-element elementor-element-61b264ec elementor-widget elementor-widget-image\" data-id=\"61b264ec\" data-element_type=\"widget\" data-widget_type=\"image.default\">\n\t\t\t\t<div class=\"elementor-widget-container\">\n\t\t\t\t\t\t\t\t\t\t\t\t\t\t\t<img width=\"1024\" height=\"683\" src=\"http:\/\/plataformas.uantof.cl\/wp-content\/uploads\/2021\/04\/recursos-estudiantes.png\" class=\"attachment-large size-large\" alt=\"\" loading=\"lazy\" \/>\t\t\t\t\t\t\t\t\t\t\t\t\t\t\t<\/div>\n\t\t\t\t<\/div>\n\t\t\t\t\t<\/div>\n\t\t<\/div>\n\t\t\t\t\t\t\t<\/div>\n\t\t<\/section>\n\t\t\t\t<section class=\"elementor-section elementor-top-section elementor-element elementor-element-2371e131 elementor-section-stretched elementor-section-boxed elementor-section-height-default elementor-section-height-default\" data-id=\"2371e131\" data-element_type=\"section\" data-settings=\"{&quot;stretch_section&quot;:&quot;section-stretched&quot;}\">\n\t\t\t\t\t\t<div class=\"elementor-container elementor-column-gap-default\">\n\t\t\t\t\t<div class=\"elementor-column elementor-col-100 elementor-top-column elementor-element elementor-element-2f9262b4\" data-id=\"2f9262b4\" data-element_type=\"column\">\n\t\t\t<div class=\"elementor-widget-wrap elementor-element-populated\">\n\t\t\t\t\t\t\t\t<section class=\"elementor-section elementor-inner-section elementor-element elementor-element-307ca029 elementor-section-boxed elementor-section-height-default elementor-section-height-default elementor-invisible\" data-id=\"307ca029\" data-element_type=\"section\" data-settings=\"{&quot;animation&quot;:&quot;fadeInUp&quot;}\">\n\t\t\t\t\t\t<div class=\"elementor-container elementor-column-gap-default\">\n\t\t\t\t\t<div class=\"elementor-column elementor-col-100 elementor-inner-column elementor-element elementor-element-39f3770b\" data-id=\"39f3770b\" data-element_type=\"column\">\n\t\t\t<div class=\"elementor-widget-wrap elementor-element-populated\">\n\t\t\t\t\t\t\t\t<div class=\"elementor-element elementor-element-29880222 elementor-widget elementor-widget-heading\" data-id=\"29880222\" data-element_type=\"widget\" data-widget_type=\"heading.default\">\n\t\t\t\t<div class=\"elementor-widget-container\">\n\t\t\t<span class=\"elementor-heading-title elementor-size-default\">Estimado Estudiante :\n\n<\/span>\t\t<\/div>\n\t\t\t\t<\/div>\n\t\t\t\t<div class=\"elementor-element elementor-element-38cf9961 elementor-widget elementor-widget-text-editor\" data-id=\"38cf9961\" data-element_type=\"widget\" data-widget_type=\"text-editor.default\">\n\t\t\t\t<div class=\"elementor-widget-container\">\n\t\t\t\t\t\t\t\t<p>Ac\u00e1 encontraras distintos recursos para ayudarte en tus clases online<\/p>\t\t\t\t\t\t<\/div>\n\t\t\t\t<\/div>\n\t\t\t\t\t<\/div>\n\t\t<\/div>\n\t\t\t\t\t\t\t<\/div>\n\t\t<\/section>\n\t\t\t\t\t<\/div>\n\t\t<\/div>\n\t\t\t\t\t\t\t<\/div>\n\t\t<\/section>\n\t\t\t\t<section class=\"elementor-section elementor-top-section elementor-element elementor-element-17b4c351 elementor-section-stretched elementor-section-boxed elementor-section-height-default elementor-section-height-default\" data-id=\"17b4c351\" data-element_type=\"section\" data-settings=\"{&quot;stretch_section&quot;:&quot;section-stretched&quot;,&quot;background_background&quot;:&quot;classic&quot;}\">\n\t\t\t\t\t\t<div class=\"elementor-container elementor-column-gap-default\">\n\t\t\t\t\t<div class=\"elementor-column elementor-col-100 elementor-top-column elementor-element elementor-element-7d6f523e\" data-id=\"7d6f523e\" data-element_type=\"column\">\n\t\t\t<div class=\"elementor-widget-wrap elementor-element-populated\">\n\t\t\t\t\t\t\t\t<section class=\"elementor-section elementor-inner-section elementor-element elementor-element-179ec6f4 elementor-section-boxed elementor-section-height-default elementor-section-height-default elementor-invisible\" data-id=\"179ec6f4\" data-element_type=\"section\" data-settings=\"{&quot;animation&quot;:&quot;fadeInUp&quot;}\">\n\t\t\t\t\t\t<div class=\"elementor-container elementor-column-gap-default\">\n\t\t\t\t\t<div class=\"elementor-column elementor-col-100 elementor-inner-column elementor-element elementor-element-8a8837b\" data-id=\"8a8837b\" data-element_type=\"column\">\n\t\t\t<div class=\"elementor-widget-wrap elementor-element-populated\">\n\t\t\t\t\t\t\t\t<div class=\"elementor-element elementor-element-74958195 elementor-widget elementor-widget-heading\" data-id=\"74958195\" data-element_type=\"widget\" data-widget_type=\"heading.default\">\n\t\t\t\t<div class=\"elementor-widget-container\">\n\t\t\t<span class=\"elementor-heading-title elementor-size-default\">Documentos de Ayuda\n\n<\/span>\t\t<\/div>\n\t\t\t\t<\/div>\n\t\t\t\t<div class=\"elementor-element elementor-element-6139e3d8 elementor-widget elementor-widget-text-editor\" data-id=\"6139e3d8\" data-element_type=\"widget\" data-widget_type=\"text-editor.default\">\n\t\t\t\t<div class=\"elementor-widget-container\">\n\t\t\t\t\t\t\t\t<p>Te invitamos a leer el primer documento referido a la Inducci\u00f3n del Modelo Online donde encontrar\u00e1s las definiciones b\u00e1sicas para trabajar.<\/p>\t\t\t\t\t\t<\/div>\n\t\t\t\t<\/div>\n\t\t\t\t\t<\/div>\n\t\t<\/div>\n\t\t\t\t\t\t\t<\/div>\n\t\t<\/section>\n\t\t\t\t<section class=\"elementor-section elementor-inner-section elementor-element elementor-element-52e7c5ce elementor-section-height-min-height elementor-reverse-mobile elementor-section-boxed elementor-section-height-default\" data-id=\"52e7c5ce\" data-element_type=\"section\">\n\t\t\t\t\t\t<div class=\"elementor-container elementor-column-gap-default\">\n\t\t\t\t\t<div class=\"elementor-column elementor-col-50 elementor-inner-column elementor-element elementor-element-5829d31f elementor-invisible\" data-id=\"5829d31f\" data-element_type=\"column\" data-settings=\"{&quot;animation&quot;:&quot;fadeInRight&quot;}\">\n\t\t\t<div class=\"elementor-widget-wrap elementor-element-populated\">\n\t\t\t\t\t\t\t\t<div class=\"elementor-element elementor-element-65bbfaed elementor-widget elementor-widget-image\" data-id=\"65bbfaed\" data-element_type=\"widget\" data-widget_type=\"image.default\">\n\t\t\t\t<div class=\"elementor-widget-container\">\n\t\t\t\t\t\t\t\t\t\t\t\t\t\t\t<img width=\"2475\" height=\"1650\" src=\"http:\/\/plataformas.uantof.cl\/wp-content\/uploads\/2021\/04\/tips-estudiantes-vector.png\" class=\"attachment-full size-full\" alt=\"\" loading=\"lazy\" srcset=\"http:\/\/plataformas.uantof.cl\/wp-content\/uploads\/2021\/04\/tips-estudiantes-vector.png 2475w, http:\/\/plataformas.uantof.cl\/wp-content\/uploads\/2021\/04\/tips-estudiantes-vector-300x200.png 300w, http:\/\/plataformas.uantof.cl\/wp-content\/uploads\/2021\/04\/tips-estudiantes-vector-1024x683.png 1024w, http:\/\/plataformas.uantof.cl\/wp-content\/uploads\/2021\/04\/tips-estudiantes-vector-768x512.png 768w, http:\/\/plataformas.uantof.cl\/wp-content\/uploads\/2021\/04\/tips-estudiantes-vector-1536x1024.png 1536w, http:\/\/plataformas.uantof.cl\/wp-content\/uploads\/2021\/04\/tips-estudiantes-vector-2048x1365.png 2048w\" sizes=\"(max-width: 2475px) 100vw, 2475px\" \/>\t\t\t\t\t\t\t\t\t\t\t\t\t\t\t<\/div>\n\t\t\t\t<\/div>\n\t\t\t\t<div class=\"elementor-element elementor-element-4d0de02f elementor-position-left elementor-vertical-align-top elementor-invisible elementor-widget elementor-widget-image-box\" data-id=\"4d0de02f\" data-element_type=\"widget\" data-settings=\"{&quot;_animation&quot;:&quot;fadeInRight&quot;}\" data-widget_type=\"image-box.default\">\n\t\t\t\t<div class=\"elementor-widget-container\">\n\t\t\t<div class=\"elementor-image-box-wrapper\"><figure class=\"elementor-image-box-img\"><a href=\"http:\/\/plataformas.uantof.cl\/wp-content\/uploads\/2020\/04\/EL-RESUMEN.pdf\" target=\"_blank\"><img width=\"59\" height=\"49\" src=\"http:\/\/plataformas.uantof.cl\/wp-content\/uploads\/2021\/04\/check-azul-1.png\" class=\"attachment-full size-full\" alt=\"\" loading=\"lazy\" \/><\/a><\/figure><div class=\"elementor-image-box-content\"><span class=\"elementor-image-box-title\"><a href=\"http:\/\/plataformas.uantof.cl\/wp-content\/uploads\/2020\/04\/EL-RESUMEN.pdf\" target=\"_blank\">T\u00e9cnicas de Apoyo al Aprendizaje: El Resumen<\/a><\/span><\/div><\/div>\t\t<\/div>\n\t\t\t\t<\/div>\n\t\t\t\t<div class=\"elementor-element elementor-element-25e26359 elementor-position-left elementor-vertical-align-top elementor-invisible elementor-widget elementor-widget-image-box\" data-id=\"25e26359\" data-element_type=\"widget\" data-settings=\"{&quot;_animation&quot;:&quot;fadeInRight&quot;}\" data-widget_type=\"image-box.default\">\n\t\t\t\t<div class=\"elementor-widget-container\">\n\t\t\t<div class=\"elementor-image-box-wrapper\"><figure class=\"elementor-image-box-img\"><a href=\"http:\/\/plataformas.uantof.cl\/wp-content\/uploads\/2020\/04\/EL-SUBRAYADO.pdf\" target=\"_blank\"><img width=\"59\" height=\"49\" src=\"http:\/\/plataformas.uantof.cl\/wp-content\/uploads\/2021\/04\/check.png\" class=\"attachment-full size-full\" alt=\"\" loading=\"lazy\" \/><\/a><\/figure><div class=\"elementor-image-box-content\"><span class=\"elementor-image-box-title\"><a href=\"http:\/\/plataformas.uantof.cl\/wp-content\/uploads\/2020\/04\/EL-SUBRAYADO.pdf\" target=\"_blank\">T\u00e9cnicas de Apoyo al Aprendizaje: El Subrayado<\/a><\/span><\/div><\/div>\t\t<\/div>\n\t\t\t\t<\/div>\n\t\t\t\t<div class=\"elementor-element elementor-element-729c8225 elementor-position-left elementor-vertical-align-top elementor-invisible elementor-widget elementor-widget-image-box\" data-id=\"729c8225\" data-element_type=\"widget\" data-settings=\"{&quot;_animation&quot;:&quot;fadeInRight&quot;}\" data-widget_type=\"image-box.default\">\n\t\t\t\t<div class=\"elementor-widget-container\">\n\t\t\t<div class=\"elementor-image-box-wrapper\"><figure class=\"elementor-image-box-img\"><a href=\"http:\/\/plataformas.uantof.cl\/wp-content\/uploads\/2020\/04\/LA-ARGUMENTACION.pdf\" target=\"_blank\"><img width=\"59\" height=\"49\" src=\"http:\/\/plataformas.uantof.cl\/wp-content\/uploads\/2021\/04\/check-azul-1.png\" class=\"attachment-full size-full\" alt=\"\" loading=\"lazy\" \/><\/a><\/figure><div class=\"elementor-image-box-content\"><span class=\"elementor-image-box-title\"><a href=\"http:\/\/plataformas.uantof.cl\/wp-content\/uploads\/2020\/04\/LA-ARGUMENTACION.pdf\" target=\"_blank\">T\u00e9cnicas de Apoyo al Aprendizaje: La Argumentaci\u00f3n<\/a><\/span><\/div><\/div>\t\t<\/div>\n\t\t\t\t<\/div>\n\t\t\t\t<div class=\"elementor-element elementor-element-3641c2ca elementor-position-left elementor-vertical-align-top elementor-invisible elementor-widget elementor-widget-image-box\" data-id=\"3641c2ca\" data-element_type=\"widget\" data-settings=\"{&quot;_animation&quot;:&quot;fadeInRight&quot;}\" data-widget_type=\"image-box.default\">\n\t\t\t\t<div class=\"elementor-widget-container\">\n\t\t\t<div class=\"elementor-image-box-wrapper\"><figure class=\"elementor-image-box-img\"><a href=\"http:\/\/plataformas.uantof.cl\/wp-content\/uploads\/2020\/04\/FUENTES-CONFIABLES-DE-INFORMACIO%CC%81N-EN-INTERNET.pdf\" target=\"_blank\"><img width=\"59\" height=\"49\" src=\"http:\/\/plataformas.uantof.cl\/wp-content\/uploads\/2021\/04\/check.png\" class=\"attachment-full size-full\" alt=\"\" loading=\"lazy\" \/><\/a><\/figure><div class=\"elementor-image-box-content\"><span class=\"elementor-image-box-title\"><a href=\"http:\/\/plataformas.uantof.cl\/wp-content\/uploads\/2020\/04\/FUENTES-CONFIABLES-DE-INFORMACIO%CC%81N-EN-INTERNET.pdf\" target=\"_blank\">Fuentes confiables de informaci\u00f3n en Internet<\/a><\/span><\/div><\/div>\t\t<\/div>\n\t\t\t\t<\/div>\n\t\t\t\t\t<\/div>\n\t\t<\/div>\n\t\t\t\t<div class=\"elementor-column elementor-col-50 elementor-inner-column elementor-element elementor-element-11f54505\" data-id=\"11f54505\" data-element_type=\"column\">\n\t\t\t<div class=\"elementor-widget-wrap elementor-element-populated\">\n\t\t\t\t\t\t\t\t<div class=\"elementor-element elementor-element-43c779f5 elementor-position-left elementor-vertical-align-top elementor-invisible elementor-widget elementor-widget-image-box\" data-id=\"43c779f5\" data-element_type=\"widget\" data-settings=\"{&quot;_animation&quot;:&quot;fadeInRight&quot;}\" data-widget_type=\"image-box.default\">\n\t\t\t\t<div class=\"elementor-widget-container\">\n\t\t\t<div class=\"elementor-image-box-wrapper\"><figure class=\"elementor-image-box-img\"><a href=\"http:\/\/plataformas.uantof.cl\/wp-content\/uploads\/2020\/04\/INDUCCION-A-MODELO-DE-ACADEMICO-ONLINE.pdf\" target=\"_blank\"><img width=\"59\" height=\"49\" src=\"http:\/\/plataformas.uantof.cl\/wp-content\/uploads\/2021\/04\/check-azul-1.png\" class=\"attachment-full size-full\" alt=\"\" loading=\"lazy\" \/><\/a><\/figure><div class=\"elementor-image-box-content\"><span class=\"elementor-image-box-title\"><a href=\"http:\/\/plataformas.uantof.cl\/wp-content\/uploads\/2020\/04\/INDUCCION-A-MODELO-DE-ACADEMICO-ONLINE.pdf\" target=\"_blank\">Inducci\u00f3n al Modelo Acad\u00e9mico Online<\/a><\/span><\/div><\/div>\t\t<\/div>\n\t\t\t\t<\/div>\n\t\t\t\t<div class=\"elementor-element elementor-element-2e0fe3b elementor-widget elementor-widget-text-editor\" data-id=\"2e0fe3b\" data-element_type=\"widget\" data-widget_type=\"text-editor.default\">\n\t\t\t\t<div class=\"elementor-widget-container\">\n\t\t\t\t\t\t\t\t<p>Los siguientes documentos ser\u00e1n de apoyo para tus estudios. No olvides contactar a tu Jefe de Carrera en caso de dificultades para encontrar la soluci\u00f3n m\u00e1s pertinente.<\/p>\t\t\t\t\t\t<\/div>\n\t\t\t\t<\/div>\n\t\t\t\t<div class=\"elementor-element elementor-element-60ed45de elementor-position-left elementor-vertical-align-top elementor-invisible elementor-widget elementor-widget-image-box\" data-id=\"60ed45de\" data-element_type=\"widget\" data-settings=\"{&quot;_animation&quot;:&quot;fadeInRight&quot;}\" data-widget_type=\"image-box.default\">\n\t\t\t\t<div class=\"elementor-widget-container\">\n\t\t\t<div class=\"elementor-image-box-wrapper\"><figure class=\"elementor-image-box-img\"><a href=\"http:\/\/www.uantof.cl\/public\/docs\/universidad\/manual_chungungo_2020.pdf\" target=\"_blank\"><img width=\"59\" height=\"49\" src=\"http:\/\/plataformas.uantof.cl\/wp-content\/uploads\/2021\/04\/check.png\" class=\"attachment-full size-full\" alt=\"\" loading=\"lazy\" \/><\/a><\/figure><div class=\"elementor-image-box-content\"><span class=\"elementor-image-box-title\"><a href=\"http:\/\/www.uantof.cl\/public\/docs\/universidad\/manual_chungungo_2020.pdf\" target=\"_blank\">Manual del Chungungo: Mechones 2021<\/a><\/span><\/div><\/div>\t\t<\/div>\n\t\t\t\t<\/div>\n\t\t\t\t<div class=\"elementor-element elementor-element-644643e8 elementor-position-left elementor-vertical-align-top elementor-invisible elementor-widget elementor-widget-image-box\" data-id=\"644643e8\" data-element_type=\"widget\" data-settings=\"{&quot;_animation&quot;:&quot;fadeInRight&quot;}\" data-widget_type=\"image-box.default\">\n\t\t\t\t<div class=\"elementor-widget-container\">\n\t\t\t<div class=\"elementor-image-box-wrapper\"><figure class=\"elementor-image-box-img\"><a href=\"http:\/\/plataformas.uantof.cl\/wp-content\/uploads\/2020\/04\/GUIA-COMO-PLANIFICAR-TU-TELE-EDUCACION-E-CLASS.pdf\" target=\"_blank\"><img width=\"59\" height=\"49\" src=\"http:\/\/plataformas.uantof.cl\/wp-content\/uploads\/2021\/04\/check-azul-1.png\" class=\"attachment-full size-full\" alt=\"\" loading=\"lazy\" \/><\/a><\/figure><div class=\"elementor-image-box-content\"><span class=\"elementor-image-box-title\"><a href=\"http:\/\/plataformas.uantof.cl\/wp-content\/uploads\/2020\/04\/GUIA-COMO-PLANIFICAR-TU-TELE-EDUCACION-E-CLASS.pdf\" target=\"_blank\">Gu\u00eda c\u00f3mo planificar tu tele \u2013 educaci\u00f3n (eclass)<\/a><\/span><\/div><\/div>\t\t<\/div>\n\t\t\t\t<\/div>\n\t\t\t\t<div class=\"elementor-element elementor-element-3a686ab8 elementor-position-left elementor-vertical-align-top elementor-invisible elementor-widget elementor-widget-image-box\" data-id=\"3a686ab8\" data-element_type=\"widget\" data-settings=\"{&quot;_animation&quot;:&quot;fadeInRight&quot;}\" data-widget_type=\"image-box.default\">\n\t\t\t\t<div class=\"elementor-widget-container\">\n\t\t\t<div class=\"elementor-image-box-wrapper\"><figure class=\"elementor-image-box-img\"><a href=\"http:\/\/plataformas.uantof.cl\/wp-content\/uploads\/2020\/04\/GUIA-PARA-HACER-UN-MAPA-CONCEPTUAL-1.pdf\" target=\"_blank\"><img width=\"59\" height=\"49\" src=\"http:\/\/plataformas.uantof.cl\/wp-content\/uploads\/2021\/04\/check.png\" class=\"attachment-full size-full\" alt=\"\" loading=\"lazy\" \/><\/a><\/figure><div class=\"elementor-image-box-content\"><span class=\"elementor-image-box-title\"><a href=\"http:\/\/plataformas.uantof.cl\/wp-content\/uploads\/2020\/04\/GUIA-PARA-HACER-UN-MAPA-CONCEPTUAL-1.pdf\" target=\"_blank\">Gu\u00eda para hacer un Mapa Conceptual<\/a><\/span><\/div><\/div>\t\t<\/div>\n\t\t\t\t<\/div>\n\t\t\t\t<div class=\"elementor-element elementor-element-10b32780 elementor-position-left elementor-vertical-align-top elementor-invisible elementor-widget elementor-widget-image-box\" data-id=\"10b32780\" data-element_type=\"widget\" data-settings=\"{&quot;_animation&quot;:&quot;fadeInRight&quot;}\" data-widget_type=\"image-box.default\">\n\t\t\t\t<div class=\"elementor-widget-container\">\n\t\t\t<div class=\"elementor-image-box-wrapper\"><figure class=\"elementor-image-box-img\"><a href=\"http:\/\/plataformas.uantof.cl\/wp-content\/uploads\/2020\/04\/APRENDER-A-APRENDER-LA-METACOGNICIO%CC%81N.pdf\" target=\"_blank\"><img width=\"59\" height=\"49\" src=\"http:\/\/plataformas.uantof.cl\/wp-content\/uploads\/2021\/04\/check-azul-1.png\" class=\"attachment-full size-full\" alt=\"\" loading=\"lazy\" \/><\/a><\/figure><div class=\"elementor-image-box-content\"><span class=\"elementor-image-box-title\"><a href=\"http:\/\/plataformas.uantof.cl\/wp-content\/uploads\/2020\/04\/APRENDER-A-APRENDER-LA-METACOGNICIO%CC%81N.pdf\" target=\"_blank\">Aprender a aprender: La Metacognici\u00f3n<\/a><\/span><\/div><\/div>\t\t<\/div>\n\t\t\t\t<\/div>\n\t\t\t\t<div class=\"elementor-element elementor-element-7b1ba236 elementor-position-left elementor-vertical-align-top elementor-invisible elementor-widget elementor-widget-image-box\" data-id=\"7b1ba236\" data-element_type=\"widget\" data-settings=\"{&quot;_animation&quot;:&quot;fadeInRight&quot;}\" data-widget_type=\"image-box.default\">\n\t\t\t\t<div class=\"elementor-widget-container\">\n\t\t\t<div class=\"elementor-image-box-wrapper\"><figure class=\"elementor-image-box-img\"><a href=\"http:\/\/plataformas.uantof.cl\/wp-content\/uploads\/2020\/04\/LA-IMPORTANCIA-DEL-TIEMPO-DE-OCIO.pdf\" target=\"_blank\"><img width=\"59\" height=\"49\" src=\"http:\/\/plataformas.uantof.cl\/wp-content\/uploads\/2021\/04\/check.png\" class=\"attachment-full size-full\" alt=\"\" loading=\"lazy\" \/><\/a><\/figure><div class=\"elementor-image-box-content\"><span class=\"elementor-image-box-title\"><a href=\"http:\/\/plataformas.uantof.cl\/wp-content\/uploads\/2020\/04\/LA-IMPORTANCIA-DEL-TIEMPO-DE-OCIO.pdf\" target=\"_blank\">La Importancia del Tiempo de Ocio<\/a><\/span><\/div><\/div>\t\t<\/div>\n\t\t\t\t<\/div>\n\t\t\t\t\t<\/div>\n\t\t<\/div>\n\t\t\t\t\t\t\t<\/div>\n\t\t<\/section>\n\t\t\t\t\t<\/div>\n\t\t<\/div>\n\t\t\t\t\t\t\t<\/div>\n\t\t<\/section>\n\t\t\t\t\t\t<\/div>\n\t\t\t\t\t<\/div>\n\t\t","protected":false},"excerpt":{"rendered":"<p>Tips para Estudiantes Estimado Estudiante : Ac\u00e1 encontraras distintos recursos para ayudarte en tus clases online Documentos de Ayuda Te invitamos a leer el primer documento referido a la Inducci\u00f3n del Modelo Online donde encontrar\u00e1s las definiciones b\u00e1sicas para trabajar. T\u00e9cnicas de Apoyo al Aprendizaje: El Resumen T\u00e9cnicas de Apoyo al Aprendizaje: El Subrayado T\u00e9cnicas &hellip;<\/p>\n<p class=\"read-more\"> <a class=\"\" href=\"http:\/\/plataformas.uantof.cl\/index.php\/tips-para-estudiantes\/\"> <span class=\"screen-reader-text\">Tips para Estudiantes<\/span> Read More &raquo;<\/a><\/p>\n","protected":false},"author":4,"featured_media":0,"parent":0,"menu_order":0,"comment_status":"closed","ping_status":"closed","template":"elementor_header_footer","meta":[],"_links":{"self":[{"href":"http:\/\/plataformas.uantof.cl\/index.php\/wp-json\/wp\/v2\/pages\/486"}],"collection":[{"href":"http:\/\/plataformas.uantof.cl\/index.php\/wp-json\/wp\/v2\/pages"}],"about":[{"href":"http:\/\/plataformas.uantof.cl\/index.php\/wp-json\/wp\/v2\/types\/page"}],"author":[{"embeddable":true,"href":"http:\/\/plataformas.uantof.cl\/index.php\/wp-json\/wp\/v2\/users\/4"}],"replies":[{"embeddable":true,"href":"http:\/\/plataformas.uantof.cl\/index.php\/wp-json\/wp\/v2\/comments?post=486"}],"version-history":[{"count":7,"href":"http:\/\/plataformas.uantof.cl\/index.php\/wp-json\/wp\/v2\/pages\/486\/revisions"}],"predecessor-version":[{"id":611,"href":"http:\/\/plataformas.uantof.cl\/index.php\/wp-json\/wp\/v2\/pages\/486\/revisions\/611"}],"wp:attachment":[{"href":"http:\/\/plataformas.uantof.cl\/index.php\/wp-json\/wp\/v2\/media?parent=486"}],"curies":[{"name":"wp","href":"https:\/\/api.w.org\/{rel}","templated":true}]}}